{"id":709,"date":"2026-02-18T16:45:54","date_gmt":"2026-02-18T16:45:54","guid":{"rendered":"https:\/\/ciss.uas.edu.mx\/?page_id=709"},"modified":"2026-02-18T20:10:56","modified_gmt":"2026-02-18T20:10:56","slug":"congreso","status":"publish","type":"page","link":"https:\/\/ciss.uas.edu.mx\/index.php\/congreso\/","title":{"rendered":"Congreso"},"content":{"rendered":"\n<h2 class=\"wp-block-heading has-text-align-center\">La Comisi\u00f3n Interuniversitaria de Servicio Social (CISS) de M\u00e9xico, a trav\u00e9s de la Vicerrector\u00eda<br> de Extensi\u00f3n Universitaria de la Universidad de Guant\u00e1namo, Cuba y su proyecto sociocultural <br>Con Mochila al Hombro, en el marco de la I Convenci\u00f3n Cient\u00edfica Internacional UG 2026.<br><\/h2>\n\n\n\n<h3 class=\"wp-block-heading has-text-align-center\"><strong>CONVOCAN A:<\/strong><\/h3>\n\n\n\n<h2 class=\"wp-block-heading has-text-align-center\">Instituciones de Educaci\u00f3n Superior, estudiantes, docentes, investigadores, directivos, personal <br>administrativo de las \u00e1reas relacionadas con el desarrollo de la Extensi\u00f3n Universitaria, el servicio <br>social, la proyecci\u00f3n social o el trabajo sociocultural comunitario; al voluntariado universitario, <br>organizaciones sociales, organismos y p\u00fablico en general, a participar en el:<\/h2>\n\n\n\n<h1 class=\"wp-block-heading has-text-align-center\"><br><strong>43\u00b0 CONGRESO NACIONAL Y 17\u00b0 INTERNACIONAL DE <\/strong><br><strong>SERVICIO SOCIAL<\/strong> <strong>Y VOLUNTARIADO UNIVERSITARIO<\/strong><\/h1>\n\n\n\n<h3 class=\"wp-block-heading has-text-align-center\"><strong>20 al 23 de mayo de 2026<\/strong><\/h3>\n\n\n\n<p class=\"has-text-align-center\"><strong>asumiendo el slogan:<\/strong><\/p>\n\n\n\n<h2 class=\"wp-block-heading has-text-align-center has-vivid-red-color has-text-color has-link-color wp-elements-5ac53d3a80f92c7293d679cc350389b0\"><strong>\u201cPensamos para progresar y actuamos para transformar desde enfoques <\/strong><br><strong>multidisciplinarios y multisectoriales gestionando alianzas para el desarrollo social\u201d.<\/strong><\/h2>\n\n\n\n<p><br>La Magna cita tendr\u00e1 a Cuba por primera vez como pa\u00eds sede, y que sea Guant\u00e1namo la ciudad elegida, constituye un alto honor y privilegio para los\/as guantanameros\/as. El Congreso se efectuar\u00e1 del 20 al 23 de mayo de 2026 de forma h\u00edbrida (presencial y online) en las instalaciones de la Universidad de Guant\u00e1namo y locaciones de connotaci\u00f3n hist\u00f3rica, patrimonial y cultural de la \u201cCiudad entre r\u00edos\u201d.<\/p>\n\n\n\n<p><br><strong>OBJETIVO: <\/strong>Impulsar el avance de programas y proyectos para la implementaci\u00f3n de estrategias que conlleven a la innovaci\u00f3n y desarrollo social a trav\u00e9s del intercambio de experiencias y criterios entre los actores que intervienen en los procesos de servicio social, trabajo sociocultural, proyecci\u00f3n social y voluntariado universitario, y fortalezcan la formaci\u00f3n integral de los estudiantes.<\/p>\n\n\n\n<p><strong>EJES TEM\u00c1TICOS:<\/strong><\/p>\n\n\n\n<p><strong>GESTI\u00d3N DEL SERVICIO SOCIAL Y VOLUNTARIADO: <\/strong>Modelos y metodolog\u00edas con los que las instituciones, facultades, Centros Universitarios Municipales u otros grupos universitarios efect\u00faan programas y proyectos para la transformaci\u00f3n social a trav\u00e9s del servicio social, el trabajo sociocultural comunitario, el voluntariado u otros elementos de car\u00e1cter curricular o extracurricular.<\/p>\n\n\n\n<p><strong>INTERCULTURALIDAD,&nbsp; DIVERSIDAD&nbsp; Y&nbsp; DI\u00c1LOGO&nbsp; DE&nbsp; SABERES:&nbsp;<\/strong> Pr\u00e1cticas universitarias que promueven la consolidaci\u00f3n del tejido social a trav\u00e9s del di\u00e1logo de saberes entre diversas comunidades, grupos culturales; grupos vulnerables; minor\u00edas \u00e9tnicas; personas con discapacidad; diversidad sexual; difusi\u00f3n de pr\u00e1cticas art\u00edsticas o culturales, tradicionales o modernas; salvaguarda y puesta en valor del Patrimonio hist\u00f3rico \u2013 cultural.<\/p>\n\n\n\n<p><strong>SOSTENIBILIDAD, PRODUCCI\u00d3N Y CONSUMO<\/strong>: Experiencias universitarias en la gesti\u00f3n socio-econ\u00f3mica y ambiental que contribuyen al desarrollo o consolidaci\u00f3n de programas y proyectos orientados a promover la sostenibilidad en todos sus sentidos; cooperativas de producci\u00f3n, ahorro y consumo, cadenas productivas, eventos, protecci\u00f3n y cuidado del Medio Ambiente sus ecosistemas y biodiversidad, as\u00ed como la vinculaci\u00f3n de la Extensi\u00f3n Universitaria, la Proyecci\u00f3n Social y el Servicio Social a los Objetivos de Desarrollo Sostenible.<\/p>\n\n\n\n<p><strong>CIENCIA E INNOVACI\u00d3N TECNOL\u00d3GICA: <\/strong>Experiencias universitarias en el dise\u00f1o y desarrollo de programas y proyectos relacionados con la incorporaci\u00f3n de tecnolog\u00edas para el fortalecimiento y la mejora de comunidades vulnerables o en transformaci\u00f3n; innovaci\u00f3n frugal, ecotecnolog\u00edas, inteligencia artificial, dise\u00f1os incluyentes, expresi\u00f3n y\/o apreciaci\u00f3n art\u00edstica, actividades culturales, deportivas y recreativas innovadoras.<\/p>\n\n\n\n<p><strong>EQUIDAD Y BIENESTAR: <\/strong>Experiencias universitarias que generan programas y proyectos encauzados a mejorar el bienestar de grupos poblacionales y reducir la desigualdad social, contribuir al acceso al aprendizaje, regularizaci\u00f3n escolar, educaci\u00f3n para adultos, alfabetizaci\u00f3n, educaci\u00f3n para la vida, concientizaci\u00f3n, talleres ocupacionales, acompa\u00f1amiento a personas discapacitadas, atenci\u00f3n a enfermedades cr\u00f3nicas, adicciones, programas de prevenci\u00f3n y seguridad. El servicio social desde una perspectiva de g\u00e9nero.<\/p>\n\n\n\n<p><strong>GOBERNABILIDAD Y GOBERNANZA: <\/strong>Experiencias universitarias en programas y proyectos para salvaguardar la democracia a nivel territorial, regional y nacional a trav\u00e9s de la vinculaci\u00f3n y alianzas establecidas entre las universidades, la sociedad y el Estado (Sector p\u00fablico, privado, Sociedad Civil, Organizaciones no gubernamentales) para contribuir al fortalecimiento de la institucionalidad en funci\u00f3n del bien com\u00fan, la convivencia, los derechos humanos y la justicia social.<\/p>\n\n\n\n<p><strong>NORMAS PARA LA PRESENTACI\u00d3N DE PONENCIAS:<\/strong><\/p>\n\n\n\n<p>El fichero a enviar estar\u00e1 en Word, formato carta. El texto tendr\u00e1 interlineado 1,5 con una extensi\u00f3n m\u00e1xima de 12 p\u00e1ginas, incluyendo en ellas desde la portada hasta la bibliograf\u00eda. El tama\u00f1o de fuente ser\u00e1 Arial 12 puntos. Se usar\u00e1 negrita en lugar de cursiva o subrayado. Todas las ilustraciones, figuras y tablas estar\u00e1n dentro del texto en el sitio que les corresponde y no al final, por lo que no se admitir\u00e1n anexos.<\/p>\n\n\n\n<p><strong>ESTRUCTURA:<\/strong><\/p>\n\n\n\n<ol style=\"list-style-type:upper-roman\" class=\"wp-block-list\">\n<li><strong>\u2013 T\u00edtulo. <\/strong>Es una de las partes m\u00e1s importantes del trabajo, pues ser\u00e1 le\u00eddo por toda la comunidad interesada. Debe ser atractivo pero exacto. Debe escogerse con mucho cuidado para que sea breve, claro y expl\u00edcito. No sobrepasar un m\u00e1ximo de 15 palabras. No tener exceso de preposiciones y art\u00edculos. No se permite el uso de subt\u00edtulos, abreviaturas, siglas ni jergas y estar\u00e1 ordenado de lo general a lo particular, capaz de expresar el contenido del texto.<\/li>\n\n\n\n<li><strong>&#8211; Autores. <\/strong>Enunciado de los nombres y apellidos exactos y completos, los que no deben sobrepasar de tres, con grado cient\u00edfico, categor\u00eda docente y c\u00f3digo ORCID, adem\u00e1s se relaciona correo electr\u00f3nico y tel\u00e9fono.<\/li>\n\n\n\n<li><strong>&#8211; Resumen. <\/strong>El resumen ser\u00e1 conciso no exceder\u00e1 las 250 palabras. Debe incluir problema, objetivo, m\u00e9todos, principales resultados y conclusiones. No debe contener abreviaturas ni referencias bibliogr\u00e1ficas y su contenido ha de ser claro sin tener que recurrir a ning\u00fan otro texto, tabla o figura.<\/li>\n\n\n\n<li><strong>&#8211; Palabras clave. <\/strong>No menos de 4 y no m\u00e1s de 7, en espa\u00f1ol y en ingl\u00e9s. Dichas palabras ayudan a los indizadores a clasificar el art\u00edculo seg\u00fan su l\u00ednea tem\u00e1tica, van separadas por punto y coma, y deben aparecer en orden jer\u00e1rquico.<\/li>\n\n\n\n<li><strong> &#8211; Introducci\u00f3n. <\/strong>Debe exponer en forma breve y concisa el problema, con an\u00e1lisis de sus antecedentes; establecer claramente el objetivo del estudio, as\u00ed como la hip\u00f3tesis que se pretende probar.<\/li>\n\n\n\n<li><strong>&#8211; Desarrollo. <\/strong>Puede organizarse en forma de p\u00e1rrafos sin subdivisi\u00f3n expl\u00edcita o utilizando diferentes subt\u00edtulos.<br>Las citas bibliogr\u00e1ficas se indicar\u00e1n en el cuerpo del art\u00edculo, indicando entre par\u00e9ntesis el apellido del autor, a\u00f1o de publicaci\u00f3n y la p\u00e1gina o p\u00e1ginas donde aparece la cita. Ejemplo: (P\u00e9rez, 2013, p. 10). En caso de citar m\u00e1s de una obra de un mismo autor y del mismo a\u00f1o, se distinguir\u00e1 en cada caso con un \u00edndice alfab\u00e9tico en min\u00fasculas, que se colocar\u00e1 inmediatamente despu\u00e9s del a\u00f1o. Todas las obras referenciadas deben incluirse dentro de la bibliograf\u00eda. <br>Si el art\u00edculo contiene citas textuales menores de cinco l\u00edneas, deber\u00e1n ir en el cuerpo del texto, entre comillas. Si la extensi\u00f3n es mayor, deber\u00e1n escribirse en p\u00e1rrafo aparte, con sangr\u00eda en todo el p\u00e1rrafo y sin comillas. Si son citas parafraseadas, tambi\u00e9n es necesario que se indique la fuente. Ejemplo: (P\u00e9rez, 2013)<\/li>\n\n\n\n<li><strong>\u2013 Conclusione<\/strong>s (sin enumerar).<\/li>\n\n\n\n<li><strong>\u2013 Referencias bibliogr\u00e1ficas<\/strong>. Quedar\u00e1 estructurada seg\u00fan el tipo de documento, Ser\u00e1n hasta 20, redactadas en estilo <a href=\"http:\/\/famadeportes.cug.co.cu\/files\/normas_apa_7_ed.pdf\">APA (American Psychological Association) s\u00e9ptima edici\u00f3n<\/a>. Se emplear\u00e1n fundamentalmente citas de revistas: 75% de los \u00faltimos 5 a\u00f1os, y libros: 75% de los \u00faltimos 5 a 7 a\u00f1os.<\/li>\n<\/ol>\n\n\n\n<p><strong>NORMAS PARA LA PRESENTACI\u00d3N DE CARTELES<\/strong><\/p>\n\n\n\n<p>Los carteles son una categor\u00eda exclusiva para estudiantes. Los carteles deber\u00e1n privilegiar la experiencia desarrollada en la praxis del servicio social y\/o voluntariado y no concentrarse en el marco y referente te\u00f3rico.<\/p>\n\n\n\n<p>La estructura del documento deber\u00e1 contener lo siguiente:<\/p>\n\n\n\n<ul class=\"wp-block-list\">\n<li>Logo de la Instituci\u00f3n<\/li>\n\n\n\n<li>Nombre del evento<\/li>\n\n\n\n<li>T\u00edtulo del Cartel: no exceder de 15 palabras.<\/li>\n\n\n\n<li>Instituci\u00f3n de procedencia.<\/li>\n\n\n\n<li>Nombre de los autores: m\u00e1ximo 3.<\/li>\n\n\n\n<li>Resumen: m\u00e1ximo 150 palabras.<\/li>\n\n\n\n<li>Metodolog\u00eda: m\u00e1ximo 80 palabras.<\/li>\n<\/ul>\n\n\n\n<figure class=\"wp-block-table\"><table class=\"has-fixed-layout\"><tbody><tr><td class=\"has-text-align-center\" data-align=\"center\" colspan=\"3\"><strong>PRECIO DE LA CUOTA DE INSCRIPCI\u00d3N EXTRANJEROS (USD)<\/strong><\/td><\/tr><tr><td class=\"has-text-align-center\" data-align=\"center\" rowspan=\"2\"><strong>CATEGOR\u00cdA DE PARTICIPACI\u00d3N<\/strong><\/td><td class=\"has-text-align-center\" data-align=\"center\" colspan=\"2\"><strong>MODALIDAD DE PARTICIPACION<\/strong><\/td><\/tr><tr><td class=\"has-text-align-center\" data-align=\"center\"><strong>PRESENCIAL<\/strong><\/td><td class=\"has-text-align-center\" data-align=\"center\"><strong>VIRTUAL<\/strong><\/td><\/tr><tr><td>Delegado profesional ponente<\/td><td class=\"has-text-align-center\" data-align=\"center\">100.00<\/td><td class=\"has-text-align-center\" data-align=\"center\">50.00<\/td><\/tr><tr><td>Delegado estudiante ponente<\/td><td class=\"has-text-align-center\" data-align=\"center\">25.00<\/td><td class=\"has-text-align-center\" data-align=\"center\">20.00<\/td><\/tr><tr><td>Delegado sin ponencia<\/td><td class=\"has-text-align-center\" data-align=\"center\">50.00<\/td><td class=\"has-text-align-center\" data-align=\"center\">25.00<\/td><\/tr><\/tbody><\/table><\/figure>\n\n\n\n<figure class=\"wp-block-table\"><table class=\"has-fixed-layout\"><tbody><tr><td class=\"has-text-align-center\" data-align=\"center\" colspan=\"3\"><strong>PRECIO DE LA CUOTA DE INSCRIPCI\u00d3N NACIONALES (CUP)<\/strong><strong><\/strong> <strong>(Hasta el 8 de mayo 2026)<\/strong><strong><\/strong><\/td><\/tr><tr><td class=\"has-text-align-center\" data-align=\"center\" rowspan=\"2\"><strong>CATEGOR\u00cdA DE<\/strong><strong><\/strong> <strong>PARTICIPACI\u00d3N<\/strong><strong><\/strong><\/td><td class=\"has-text-align-center\" data-align=\"center\" colspan=\"2\"><strong>MODALIDAD DE PARTICIPACION<\/strong><strong><\/strong><\/td><\/tr><tr><td class=\"has-text-align-center\" data-align=\"center\"><strong>PRESENCIAL<\/strong><strong><\/strong><\/td><td class=\"has-text-align-center\" data-align=\"center\"><strong>VIRTUAL<\/strong><strong><\/strong><\/td><\/tr><tr><td class=\"has-text-align-center\" data-align=\"center\">Delegado profesional ponente<\/td><td class=\"has-text-align-center\" data-align=\"center\">5000.00<\/td><td class=\"has-text-align-center\" data-align=\"center\">1500.00<\/td><\/tr><tr><td class=\"has-text-align-center\" data-align=\"center\">Delegado estudiante ponente<\/td><td class=\"has-text-align-center\" data-align=\"center\">2500.00<\/td><td class=\"has-text-align-center\" data-align=\"center\">500.00<\/td><\/tr><tr><td class=\"has-text-align-center\" data-align=\"center\">Cursos<\/td><td class=\"has-text-align-center\" data-align=\"center\">300.00<\/td><td class=\"has-text-align-center\" data-align=\"center\">300.00<\/td><\/tr><\/tbody><\/table><\/figure>\n\n\n\n<p><strong>FECHAS IMPORTANTES:<\/strong><\/p>\n\n\n\n<ul class=\"wp-block-list\">\n<li><strong>Recepci\u00f3n de res\u00famenes y ponencias: <\/strong>hasta el 31 de marzo de 2026. Notificaci\u00f3n de aceptaci\u00f3n: hasta el 15 de abril de 2026.<\/li>\n\n\n\n<li><strong>Recepci\u00f3n de trabajos para publicar:<\/strong> hasta el 30 de abril de 2026. Fecha l\u00edmite para efectuar el pago: 8 de mayo de 2026.<\/li>\n\n\n\n<li><strong>Realizaci\u00f3n del evento: <\/strong>20 al 23 de mayo de 2026.<\/li>\n\n\n\n<li>Las ponencias deben ser enviadas a la direcci\u00f3n de correo electr\u00f3nico: <a href=\"mailto:congresociss2026@gmail.cu\">congresociss2026@gmail.c<\/a>om<\/li>\n<\/ul>\n\n\n\n<h2 class=\"wp-block-heading\">Para mayor informaci\u00f3n podr\u00e1 comunicarse al<\/h2>\n\n\n\n<ul class=\"wp-block-list\">\n<li>M. Sc. Daniel Fern\u00e1ndez Urgell\u00e9s. <br>Vicerrector de Extensi\u00f3n Universitaria de la Universidad de Guant\u00e1namo, Cuba. <br><a href=\"mailto:danielfdezu@gmail.com\">danielfdezu@gmail.com<\/a><br>WhatsApp<strong>: <\/strong>+53 52113240 <\/li>\n\n\n\n<li>Dra. C. Maricela Guadalupe P\u00e9rez Carrillo. <br>Secretaria Ejecutiva de la CISS. Universidad Aut\u00f3noma de Sinaloa <br><a href=\"mailto:maricela.perez@uas.edu.mx\">maricela.perez@uas.edu.mx<\/a><br>WhatsApp: +52 6673893424.<\/li>\n\n\n\n<li>M. Sc. Yolaine Feliciano Chediak. <br>Especialista de Asuntos Acad\u00e9micos de la Direcci\u00f3n de Relaciones Internacionales de la Universidad de Guant\u00e1namo, Cuba. <a href=\"mailto:yolasusan18@gmail.com\">yolasusan18@gmail.com<\/a><br>WhatsApp: +53 54298485 <\/li>\n<\/ul>\n\n\n\n<p><strong>Presidentes de Honor:<\/strong><\/p>\n\n\n\n<ul class=\"wp-block-list\">\n<li>Juan Mart\u00ednez Mart\u00ednez. <br>Presidente de la Comisi\u00f3n Interuniversitaria de Servicio Social (CISS). Museo Nacional de Antropolog\u00eda.<\/li>\n\n\n\n<li>Dra. C. Osiris Aranda Creagh. <br>Rectora de la Universidad de Guant\u00e1namo.<\/li>\n<\/ul>\n\n\n\n<h2 class=\"wp-block-heading\">Coordinadores del evento:<\/h2>\n\n\n\n<ul class=\"wp-block-list\">\n<li>Dra. C. Maricela Guadalupe P\u00e9rez Carrillo. <br>Secretaria Ejecutiva de la CISS. Universidad Aut\u00f3noma de Sinaloa.<\/li>\n\n\n\n<li>M. Sc. Daniel Fern\u00e1ndez Urgell\u00e9s. <br>Vicerrector de Extensi\u00f3n Universitaria de la Universidad de Guant\u00e1namo.<\/li>\n<\/ul>\n\n\n\n<h2 class=\"wp-block-heading\">Presidenta del Comit\u00e9 Cient\u00edfico:<\/h2>\n\n\n\n<ul class=\"wp-block-list\">\n<li>Dra. C. Yurelkys Fern\u00e1ndez Maura. <br>Vicerrectora de Investigaci\u00f3n y Posgrado de la Universidad de Guant\u00e1namo.<\/li>\n<\/ul>\n\n\n\n<h2 class=\"wp-block-heading\">Comit\u00e9 ejecutivo.<\/h2>\n\n\n\n<div class=\"wp-block-columns is-layout-flex wp-container-core-columns-is-layout-9d6595d7 wp-block-columns-is-layout-flex\">\n<div class=\"wp-block-column is-layout-flow wp-block-column-is-layout-flow\">\n<ul class=\"wp-block-list\"><\/ul>\n\n\n\n<ul class=\"wp-block-list\">\n<li>Mtra. Irasema Pati\u00f1o Rodr\u00edguez. <br>Tesorera de la CISS. Universidad Aut\u00f3noma de Nuevo Le\u00f3n. <\/li>\n\n\n\n<li>Dra. C. Susana Ang\u00e9lica Pastrana Corral. <br>Asesora. Universidad de Sonora.<\/li>\n\n\n\n<li>Dra. C. Alba Luna G\u00f3mez. <br>Asesora. Universidad Aut\u00f3noma de Nuevo Le\u00f3n. <\/li>\n\n\n\n<li>Dr. V\u00edctor Hugo Aguilar Gaxiola. <br>Asesor. Universidad Aut\u00f3noma de Sinaloa. <\/li>\n\n\n\n<li>Lic. Isaac L\u00f3pez Ba\u00f1uelos. <br>Asesor. Universidad Aut\u00f3noma de Sinaloa.<\/li>\n\n\n\n<li>LAF. Ashanti Daniela Rom\u00e1n Le\u00f3n. <br>Asesor. Universidad Aut\u00f3noma de Sinaloa. <\/li>\n\n\n\n<li>Arq. Ada Avenda\u00f1o Enciso. <\/li>\n\n\n\n<li>Asesora. Universidad Nacional Aut\u00f3noma de M\u00e9xico.<\/li>\n\n\n\n<li>M.C. Rosalina Ram\u00edrez Olivas. <br>Asesora. Universidad de Sonora.<\/li>\n\n\n\n<li>Mtra. Flor de Abril Estrada Orante. <br>Asesora Internacional. Universidad Aut\u00f3noma de Tamaulipas.<\/li>\n\n\n\n<li>Mtra. Regina Valiente. <br>Asesora Internacional. Universidad de San Carlos de Guatemala.<\/li>\n\n\n\n<li>Mtro. Reinaldo Ch\u00e1vez Mart\u00ednez. <br>Asesor Internacional. Universidad del Salvador.<\/li>\n\n\n\n<li>Mtra. Claudia Navarrete Garc\u00eda. <br>Vocal Regi\u00f3n Metropolitana. Universidad Nacional Aut\u00f3noma de M\u00e9xico- DGOAE. <\/li>\n\n\n\n<li>Mtra. Seidy Betzab\u00e9 Islas Blancas. <br>Vocal Regi\u00f3n Centro-Sur. Centro Universitario Hidalguense. <\/li>\n<\/ul>\n<\/div>\n\n\n\n<div class=\"wp-block-column is-layout-flow wp-block-column-is-layout-flow\">\n<ul class=\"wp-block-list\">\n<li>Mtro. Miguel \u00c1ngel Godoy Lizardo. <br>Vocal Regi\u00f3n Noreste. Universidad Ju\u00e1rez del Estado de Durango.<\/li>\n\n\n\n<li>Lic. Rub\u00e9n Manuel Rivera Calder\u00f3n. <br>Vocal Regi\u00f3n Noroeste. Universidad Aut\u00f3noma de Baja California Sur.<\/li>\n\n\n\n<li>Mtra. Ana Mar\u00eda Navarrete Ram\u00edrez. <br>Vocal Sureste. Universidad Aut\u00f3noma de Yucat\u00e1n.<\/li>\n\n\n\n<li>Lic. Socorro Becerril Representante de Vocal\u00eda. <br>Universidad Nacional Aut\u00f3noma de M\u00e9xico \u2013DGOAE.<\/li>\n\n\n\n<li>Jos\u00e9 Antonio G\u00f3mez D\u00e1vila. <br>Representante de la Universidad Iberoamericana Tijuana. <\/li>\n\n\n\n<li>Mtra. Imelda P\u00e9rez Espinoza. <br>Representante. Instituto Tecnol\u00f3gico Superior del Estado de Hidalgo.<\/li>\n\n\n\n<li>Mtra. Ang\u00e9lica Cruz Camargo. <br>Representante. Instituto Tecnol\u00f3gico Superior del Estado de Hidalgo.<\/li>\n\n\n\n<li>Mtro. Jos\u00e9 Reyes Cruz. <br>Representante. Universidad del Valle de M\u00e9xico. <\/li>\n\n\n\n<li>Mtro. Lorena Canales V\u00e9lez. <br>Representante. Universidad de Monterrey. <\/li>\n\n\n\n<li>Mtra. Lesli Roc\u00edo Ortiz S\u00e1nchez. <br>Representante. UAM Xochimilco.<\/li>\n\n\n\n<li>Mtro. Antonio Ram\u00edrez Ju\u00e1rez. <br>Representante. UAM Xochimilco.<\/li>\n\n\n\n<li>Mtro. Rogelio Barroso. <br>Representante. Jefe Servicio Social. FESC-UNAM.<\/li>\n<\/ul>\n<\/div>\n<\/div>\n\n\n\n<div class=\"wp-block-buttons is-content-justification-center is-layout-flex wp-container-core-buttons-is-layout-16018d1d wp-block-buttons-is-layout-flex\">\n<div class=\"wp-block-button is-style-fill\"><a class=\"wp-block-button__link has-vivid-red-background-color has-background has-medium-font-size has-custom-font-size wp-element-button\" href=\"https:\/\/ciss.uas.edu.mx\/wp-content\/uploads\/2026\/02\/2026-CONVOCATORIA-CONGRESO-CISS.pdf\">DESCARGAR CONVOCATORIA<\/a><\/div>\n<\/div>\n","protected":false},"excerpt":{"rendered":"<p>La Comisi\u00f3n Interuniversitaria de Servicio Social (CISS) de M\u00e9xico, a trav\u00e9s de la Vicerrector\u00eda de Extensi\u00f3n Universitaria de la Universidad de Guant\u00e1namo, Cuba y su proyecto sociocultural Con Mochila al Hombro, en el marco de la I Convenci\u00f3n Cient\u00edfica Internacional UG 2026. CONVOCAN A: Instituciones de Educaci\u00f3n Superior, estudiantes, docentes, investigadores, directivos, personal administrativo de [&hellip;]<\/p>\n","protected":false},"author":4,"featured_media":0,"parent":0,"menu_order":0,"comment_status":"closed","ping_status":"closed","template":"","meta":{"ocean_post_layout":"","ocean_both_sidebars_style":"","ocean_both_sidebars_content_width":0,"ocean_both_sidebars_sidebars_width":0,"ocean_sidebar":"","ocean_second_sidebar":"","ocean_disable_margins":"enable","ocean_add_body_class":"","ocean_shortcode_before_top_bar":"","ocean_shortcode_after_top_bar":"","ocean_shortcode_before_header":"","ocean_shortcode_after_header":"","ocean_has_shortcode":"","ocean_shortcode_after_title":"","ocean_shortcode_before_footer_widgets":"","ocean_shortcode_after_footer_widgets":"","ocean_shortcode_before_footer_bottom":"","ocean_shortcode_after_footer_bottom":"","ocean_display_top_bar":"default","ocean_display_header":"default","ocean_header_style":"","ocean_center_header_left_menu":"","ocean_custom_header_template":"","ocean_custom_logo":0,"ocean_custom_retina_logo":0,"ocean_custom_logo_max_width":0,"ocean_custom_logo_tablet_max_width":0,"ocean_custom_logo_mobile_max_width":0,"ocean_custom_logo_max_height":0,"ocean_custom_logo_tablet_max_height":0,"ocean_custom_logo_mobile_max_height":0,"ocean_header_custom_menu":"","ocean_menu_typo_font_family":"","ocean_menu_typo_font_subset":"","ocean_menu_typo_font_size":0,"ocean_menu_typo_font_size_tablet":0,"ocean_menu_typo_font_size_mobile":0,"ocean_menu_typo_font_size_unit":"px","ocean_menu_typo_font_weight":"","ocean_menu_typo_font_weight_tablet":"","ocean_menu_typo_font_weight_mobile":"","ocean_menu_typo_transform":"","ocean_menu_typo_transform_tablet":"","ocean_menu_typo_transform_mobile":"","ocean_menu_typo_line_height":0,"ocean_menu_typo_line_height_tablet":0,"ocean_menu_typo_line_height_mobile":0,"ocean_menu_typo_line_height_unit":"","ocean_menu_typo_spacing":0,"ocean_menu_typo_spacing_tablet":0,"ocean_menu_typo_spacing_mobile":0,"ocean_menu_typo_spacing_unit":"","ocean_menu_link_color":"","ocean_menu_link_color_hover":"","ocean_menu_link_color_active":"","ocean_menu_link_background":"","ocean_menu_link_hover_background":"","ocean_menu_link_active_background":"","ocean_menu_social_links_bg":"","ocean_menu_social_hover_links_bg":"","ocean_menu_social_links_color":"","ocean_menu_social_hover_links_color":"","ocean_disable_title":"default","ocean_disable_heading":"default","ocean_post_title":"","ocean_post_subheading":"","ocean_post_title_style":"","ocean_post_title_background_color":"","ocean_post_title_background":0,"ocean_post_title_bg_image_position":"","ocean_post_title_bg_image_attachment":"","ocean_post_title_bg_image_repeat":"","ocean_post_title_bg_image_size":"","ocean_post_title_height":0,"ocean_post_title_bg_overlay":0.5,"ocean_post_title_bg_overlay_color":"","ocean_disable_breadcrumbs":"default","ocean_breadcrumbs_color":"","ocean_breadcrumbs_separator_color":"","ocean_breadcrumbs_links_color":"","ocean_breadcrumbs_links_hover_color":"","ocean_display_footer_widgets":"default","ocean_display_footer_bottom":"default","ocean_custom_footer_template":"","footnotes":""},"class_list":["post-709","page","type-page","status-publish","hentry","entry"],"_links":{"self":[{"href":"https:\/\/ciss.uas.edu.mx\/index.php\/wp-json\/wp\/v2\/pages\/709","targetHints":{"allow":["GET"]}}],"collection":[{"href":"https:\/\/ciss.uas.edu.mx\/index.php\/wp-json\/wp\/v2\/pages"}],"about":[{"href":"https:\/\/ciss.uas.edu.mx\/index.php\/wp-json\/wp\/v2\/types\/page"}],"author":[{"embeddable":true,"href":"https:\/\/ciss.uas.edu.mx\/index.php\/wp-json\/wp\/v2\/users\/4"}],"replies":[{"embeddable":true,"href":"https:\/\/ciss.uas.edu.mx\/index.php\/wp-json\/wp\/v2\/comments?post=709"}],"version-history":[{"count":33,"href":"https:\/\/ciss.uas.edu.mx\/index.php\/wp-json\/wp\/v2\/pages\/709\/revisions"}],"predecessor-version":[{"id":746,"href":"https:\/\/ciss.uas.edu.mx\/index.php\/wp-json\/wp\/v2\/pages\/709\/revisions\/746"}],"wp:attachment":[{"href":"https:\/\/ciss.uas.edu.mx\/index.php\/wp-json\/wp\/v2\/media?parent=709"}],"curies":[{"name":"wp","href":"https:\/\/api.w.org\/{rel}","templated":true}]}}