{"id":11,"date":"2024-06-17T20:28:34","date_gmt":"2024-06-17T20:28:34","guid":{"rendered":"https:\/\/ciss.uas.edu.mx\/?page_id=11"},"modified":"2025-10-20T19:43:44","modified_gmt":"2025-10-20T19:43:44","slug":"directorio","status":"publish","type":"page","link":"https:\/\/ciss.uas.edu.mx\/index.php\/directorio\/","title":{"rendered":"Directorio"},"content":{"rendered":"\n<p><strong>Dr. V\u00edctor Hugo Aguilar Gaxiola<br><\/strong>Presidente<br>Universidad Aut\u00f3noma de Sinaloa<br>periodistauas@hotmail.com<\/p>\n\n\n\n<p><strong>Mtro. Juan Mart\u00ednez Mart\u00ednez<br><\/strong>Secretario Ejecutivo<br>Museo Nacional de Antropolog\u00eda<br>juan_martinez@inah.gob.mx<\/p>\n\n\n\n<p><strong>Mtra. Irasema Pati\u00f1o Rodr\u00edguez<br><\/strong>Tesorera<br>Universidad Aut\u00f3noma de Nuevo Le\u00f3n<br>Irasema.pati\u00f1ordr@uanl.edu.mx<\/p>\n\n\n\n<p><strong>Dra. Alba Luna G\u00f3mez<br><\/strong>Asesora<br>Universidad Aut\u00f3noma de Nuevo Le\u00f3n<br>Alba.lunagz@uanl.mx<\/p>\n\n\n\n<p><strong>Dra. Susana Pastrana Corral<br><\/strong>Asesora<br>Universidad Aut\u00f3noma de Sonora<br>pastrana@caborca.uson.mx<\/p>\n\n\n\n<p><strong>Mtro. Jos\u00e9 Antonio G\u00f3mez D\u00e1vila<br><\/strong>Representante<br>Universidad Iberoamericana Tijuana<br>serviciosocial@tijuana.ibero.mx<\/p>\n\n\n\n<p><strong>Mtra. Claudia Navarrete Garc\u00eda<br><\/strong>Vocal Regi\u00f3n Metropolitana<br>Universidad Nacional Aut\u00f3noma de M\u00e9xico- DGOAE<br>claudiang@unam.mx<\/p>\n\n\n\n<p><strong>Mtra. Socorro Becerril<br><\/strong>Representante de vocal\u00eda<br>Universidad Nacional Aut\u00f3noma de M\u00e9xico- DGOAE<\/p>\n\n\n\n<p><strong>Mtro. Miguel \u00c1ngel Godoy Lizardo<br><\/strong>Vocal Regi\u00f3n Noreste<br>Universidad Ju\u00e1rez del Estado de Durango<br>serviciosocial@ujed.mx<\/p>\n\n\n\n<p><strong>Lic. Rub\u00e9n Manuel Rivera Calder\u00f3n<br><\/strong>Vocal Regi\u00f3n Noroeste<br>Universidad Aut\u00f3noma de Baja California Sur<br>mriverac@uabcs.mx<\/p>\n\n\n\n<p><strong>MC. Maricela Guadalupe P\u00e9rez Carrillo<br><\/strong>Representante de la Universidad Aut\u00f3noma de Sinaloa<br>Directora General de Servicio Social UAS<\/p>\n\n\n\n<p><strong>Dr. Isaac L\u00f3pez Ba\u00f1uelos<br><\/strong>Asesor<br>Universidad Aut\u00f3noma de Sinaloa<br>isaaclobi@gmail.com<\/p>\n\n\n\n<p><strong>Ashanti Daniela Rom\u00e1n Le\u00f3n<br><\/strong>Asesor<br>Universidad Aut\u00f3noma de Sinaloa<br>ashantidaniela@gmail.com<\/p>\n\n\n\n<p><strong>Arq. Ada Avenda\u00f1o Enciso<br><\/strong>Asesora<br>Universidad Nacional Aut\u00f3noma de M\u00e9xico<br>Adamaga51@hotmail.com<\/p>\n\n\n\n<p><strong>Mtra. Cecilia Mar\u00eda Gonz\u00e1lez Flores<br><\/strong>Representante<br>UNAM- Facultad de Arquitectura<br>Servicio.social@fa.unam.mx<\/p>\n\n\n\n<p><strong>M.C. Rosalina Ram\u00edrez Olivas<br><\/strong>Asesora<br>Universidad de Sonora<br>rramirez@guaymas.uson.mx<\/p>\n\n\n\n<p><strong>Mtra. Flor de Abril Estrada Orantes<br><\/strong>Asesor Internacional<br>Universidad de San Carlos de Guatemala<br>fdeabril13.epsum@profesor.usac.edu.gt<\/p>\n\n\n\n<p><strong>Mtro. Reinaldo Ch\u00e1vez Mart\u00ednez<br><\/strong>Asesor Internacional<br>Universidad de El Salvador<br>creinaldo2006@yahoo.es<\/p>\n\n\n\n<p><strong>Mtro. Daniel Fern\u00e1ndez Urgelles<br><\/strong>Asesor Internacional<br>Universidad de Guant\u00e1namo-Cuba<br>daniels@cug.co.cu<\/p>\n\n\n\n<p><strong>Mtra. Ana Mar\u00eda Navarrete Ram\u00edrez<br><\/strong>Vocal Sureste<br>Universidad Aut\u00f3noma de Yucat\u00e1n<br>ana.navarrete@correo.uady.mx<\/p>\n\n\n\n<p><strong>Mtra. Beatriz Castillo Escamilla<br><\/strong>Invitada al Congreso<br>Responsable de Servicio Social<br>ANUIES- Asociaci\u00f3n Nacional de Universidades<br>e Instituciones de Educaci\u00f3n Superior<\/p>\n","protected":false},"excerpt":{"rendered":"<p>Dr. V\u00edctor Hugo Aguilar GaxiolaPresidenteUniversidad Aut\u00f3noma de Sinaloaperiodistauas@hotmail.com Mtro. Juan Mart\u00ednez Mart\u00ednezSecretario EjecutivoMuseo Nacional de Antropolog\u00edajuan_martinez@inah.gob.mx Mtra. Irasema Pati\u00f1o Rodr\u00edguezTesoreraUniversidad Aut\u00f3noma de Nuevo Le\u00f3nIrasema.pati\u00f1ordr@uanl.edu.mx Dra. Alba Luna G\u00f3mezAsesoraUniversidad Aut\u00f3noma de Nuevo Le\u00f3nAlba.lunagz@uanl.mx Dra. Susana Pastrana CorralAsesoraUniversidad Aut\u00f3noma de Sonorapastrana@caborca.uson.mx Mtro. Jos\u00e9 Antonio G\u00f3mez D\u00e1vilaRepresentanteUniversidad Iberoamericana Tijuanaserviciosocial@tijuana.ibero.mx Mtra. Claudia Navarrete Garc\u00edaVocal Regi\u00f3n MetropolitanaUniversidad Nacional Aut\u00f3noma de [&hellip;]<\/p>\n","protected":false},"author":1,"featured_media":0,"parent":0,"menu_order":0,"comment_status":"closed","ping_status":"closed","template":"","meta":{"ocean_post_layout":"","ocean_both_sidebars_style":"","ocean_both_sidebars_content_width":0,"ocean_both_sidebars_sidebars_width":0,"ocean_sidebar":"","ocean_second_sidebar":"","ocean_disable_margins":"enable","ocean_add_body_class":"","ocean_shortcode_before_top_bar":"","ocean_shortcode_after_top_bar":"","ocean_shortcode_before_header":"","ocean_shortcode_after_header":"","ocean_has_shortcode":"","ocean_shortcode_after_title":"","ocean_shortcode_before_footer_widgets":"","ocean_shortcode_after_footer_widgets":"","ocean_shortcode_before_footer_bottom":"","ocean_shortcode_after_footer_bottom":"","ocean_display_top_bar":"default","ocean_display_header":"default","ocean_header_style":"","ocean_center_header_left_menu":"","ocean_custom_header_template":"","ocean_custom_logo":0,"ocean_custom_retina_logo":0,"ocean_custom_logo_max_width":0,"ocean_custom_logo_tablet_max_width":0,"ocean_custom_logo_mobile_max_width":0,"ocean_custom_logo_max_height":0,"ocean_custom_logo_tablet_max_height":0,"ocean_custom_logo_mobile_max_height":0,"ocean_header_custom_menu":"","ocean_menu_typo_font_family":"","ocean_menu_typo_font_subset":"","ocean_menu_typo_font_size":0,"ocean_menu_typo_font_size_tablet":0,"ocean_menu_typo_font_size_mobile":0,"ocean_menu_typo_font_size_unit":"px","ocean_menu_typo_font_weight":"","ocean_menu_typo_font_weight_tablet":"","ocean_menu_typo_font_weight_mobile":"","ocean_menu_typo_transform":"","ocean_menu_typo_transform_tablet":"","ocean_menu_typo_transform_mobile":"","ocean_menu_typo_line_height":0,"ocean_menu_typo_line_height_tablet":0,"ocean_menu_typo_line_height_mobile":0,"ocean_menu_typo_line_height_unit":"","ocean_menu_typo_spacing":0,"ocean_menu_typo_spacing_tablet":0,"ocean_menu_typo_spacing_mobile":0,"ocean_menu_typo_spacing_unit":"","ocean_menu_link_color":"","ocean_menu_link_color_hover":"","ocean_menu_link_color_active":"","ocean_menu_link_background":"","ocean_menu_link_hover_background":"","ocean_menu_link_active_background":"","ocean_menu_social_links_bg":"","ocean_menu_social_hover_links_bg":"","ocean_menu_social_links_color":"","ocean_menu_social_hover_links_color":"","ocean_disable_title":"default","ocean_disable_heading":"default","ocean_post_title":"","ocean_post_subheading":"","ocean_post_title_style":"","ocean_post_title_background_color":"","ocean_post_title_background":0,"ocean_post_title_bg_image_position":"","ocean_post_title_bg_image_attachment":"","ocean_post_title_bg_image_repeat":"","ocean_post_title_bg_image_size":"","ocean_post_title_height":0,"ocean_post_title_bg_overlay":0.5,"ocean_post_title_bg_overlay_color":"","ocean_disable_breadcrumbs":"default","ocean_breadcrumbs_color":"","ocean_breadcrumbs_separator_color":"","ocean_breadcrumbs_links_color":"","ocean_breadcrumbs_links_hover_color":"","ocean_display_footer_widgets":"default","ocean_display_footer_bottom":"default","ocean_custom_footer_template":"","footnotes":""},"class_list":["post-11","page","type-page","status-publish","hentry","entry"],"_links":{"self":[{"href":"https:\/\/ciss.uas.edu.mx\/index.php\/wp-json\/wp\/v2\/pages\/11","targetHints":{"allow":["GET"]}}],"collection":[{"href":"https:\/\/ciss.uas.edu.mx\/index.php\/wp-json\/wp\/v2\/pages"}],"about":[{"href":"https:\/\/ciss.uas.edu.mx\/index.php\/wp-json\/wp\/v2\/types\/page"}],"author":[{"embeddable":true,"href":"https:\/\/ciss.uas.edu.mx\/index.php\/wp-json\/wp\/v2\/users\/1"}],"replies":[{"embeddable":true,"href":"https:\/\/ciss.uas.edu.mx\/index.php\/wp-json\/wp\/v2\/comments?post=11"}],"version-history":[{"count":2,"href":"https:\/\/ciss.uas.edu.mx\/index.php\/wp-json\/wp\/v2\/pages\/11\/revisions"}],"predecessor-version":[{"id":474,"href":"https:\/\/ciss.uas.edu.mx\/index.php\/wp-json\/wp\/v2\/pages\/11\/revisions\/474"}],"wp:attachment":[{"href":"https:\/\/ciss.uas.edu.mx\/index.php\/wp-json\/wp\/v2\/media?parent=11"}],"curies":[{"name":"wp","href":"https:\/\/api.w.org\/{rel}","templated":true}]}}